{"id":78,"date":"2008-02-04T12:52:03","date_gmt":"2008-02-04T11:52:03","guid":{"rendered":"http:\/\/www.phoenixraid.de\/wordpress\/?page_id=78"},"modified":"2018-05-17T15:41:54","modified_gmt":"2018-05-17T14:41:54","slug":"uber-uns","status":"publish","type":"page","link":"https:\/\/phoenixraid.de\/wordpress\/?page_id=78","title":{"rendered":"\u00dcber uns"},"content":{"rendered":"<p><a href=\"http:\/\/www.phoenixraid.de\/wordpress\/wp-content\/uploads\/2008\/07\/eakv1.jpg\" rel=\"lightbox[78]\"><img loading=\"lazy\" decoding=\"async\" class=\"alignright size-full wp-image-247\" title=\"EAKV Gruppenbild\" alt=\"\" src=\"http:\/\/www.phoenixraid.de\/wordpress\/wp-content\/uploads\/2008\/07\/eakv1.jpg\" width=\"324\" height=\"222\" srcset=\"https:\/\/phoenixraid.de\/wordpress\/wp-content\/uploads\/2008\/07\/eakv1.jpg 324w, https:\/\/phoenixraid.de\/wordpress\/wp-content\/uploads\/2008\/07\/eakv1-300x205.jpg 300w\" sizes=\"auto, (max-width: 324px) 100vw, 324px\" \/><\/a>Die 10er Raidgruppe (EAKV) besteht seit dem 18.04.2007. Den Kern bildete damals eine 4er Instanzgruppe, die mit Gildis, RL- und Online-Freunden (und einem Random &lt;3 Korlov) aufgef\u00fcllt wurde um regelm\u00e4\u00dfig Karazhan unsicher zu machen.<\/p>\n<p>In Burning Crusade konnten wir zusammen Karazhan und Zul&#8217;Aman clearen sowie auch zahlreiche B\u00e4rruns erfolgreich absolvieren. Zusammen mit dem Covenant Raid besuchten wir au\u00dferdem 2 mal pro Woche die 25er Instanzen. Dort konnten wir erfolgreich den gesamten Content bis Illidan clearen und auch nach Sunwell reinschnuppern. Kurz nach dem Start von &#8222;Wrath of the Lich King&#8220; trennten sich unsere Wege.<\/p>\n<p>Zum Raidstart in WotLK nach der Levelphase, haben wir einen neuen Namen angenommen, da der alte ein &#8222;K&#8220; wie Karazhan beinhaltet und das nun doch ein wenig zur\u00fcckliegt: Ph\u00f6nix! Unter diesem neuen Namen haben wir zusammen mit dem Fortes-Raid (Raidb\u00fcndnis Die R\u00f3t Bl\u00fchende Legion &amp; Portalw\u00e4chter) einen neuen 25er aufgebaut, der unter &#8222;einer Flagge&#8220; raidet. Leider befinden sich keiner der Gr\u00fcndungsmitglieder von Fortes noch in unseren Reihen, da sie Gr\u00f6\u00dftenteils mit WOW aufgeh\u00f6rt haben. Die gr\u00f6\u00dften Erfolge unserer 25er Gruppe war zweifelsohne der ICC25 Meta-Erfolg (11\/12 Hardmode!) sowie 3 komplettierte Legendary-Items (2x Schattengram \/ 1x Val&#8217;anyr). Ebenso konnten wir im 10er den ICC- und auch den Ulduar-Meta-Erfolg abschlie\u00dfen. Auch unser 2ter 10er Raid &#8222;Twinkraid&#8220; konnte in dieser Zeit gute Erfolge verbuchen (ICC clear + 5-6 HMs).<\/p>\n<p>Am 25.05.2009 wurde die Gilde &#8222;Special Edition&#8220; gegr\u00fcndet, in der Teile des Ph\u00f6nix Raids zu finden waren. Da wir ohnehin viel zusammen gemacht haben und weil zu dieser Zeit einige Gilden br\u00f6ckelten, war das eine gute Gelegenheit die Vorz\u00fcge einer Gilde zu n\u00fctzen. Letztere werden im Addon &#8222;Cataclysm&#8220; sehr viel st\u00e4rker auch durch Blizzard betont, weshalb es f\u00fcr uns klar war, dass wir Teil einer Raidgemeinschaft sein wollen. Deshalb wurde als auch als symbolischer Akt kurz vor Addon-Release die neue Gilde &#8222;&lt;IPh\u00f6nixI&gt;&#8220; &#8211; in die alle unsere Raidmitglieder f\u00fcr Cataclysm eingeladen wurden &#8211; gegr\u00fcndet. Dieser Einladung folgten auch die mei\u00dften unserer Mitglieder und brachten auch ihre Familie und Freunde mit in die Gilde, wodurch wir stetig wachsen, Erfolge und nat\u00fcrlich auch Erfahrungen einstreichen.<\/p>\n<p>Unser erster 25er Raid in &#8222;Cataclysm&#8220; war am 16.01.2011, also gut 1 Monat nach Addon-Release. In den ersten 2 Raid-Tiers durften wir alle Bosse im Normalmodus legen sowie jeweils 2 Bosse im Hardmode &#8211; ein paar weitere holten wir sp\u00e4ter nach &#8211; bevor mit den Drachenseele der letzte Raidcontentpatch nachgelegt wurde. Trotzdem liesen es sich einige Mitspieler nicht nehmen weiterhin Feuerlande (allerdings dann im 10-Mann-Modus) f\u00fcr den legend\u00e4ren Stab &#8222;Drachenzorn&#8220; zu farmen. So konnten wir innerhalb dieses Addons insgesamt 4 legend\u00e4re St\u00e4be in unseren Reihen komplettieren. Auch unsere 2 Schurken durften sich mit den &#8222;F\u00e4nge des Urvaters&#8220; \u00fcber jeweils 2 Legend\u00e4rys freuen! Trotz all den orangen Items sollte uns Drachenseele noch auf eine harte Probe stellen. Denn Mitten im Hardmode-Content (4\/8 HMs) entschlossen sich nach und nach Spieler mit WOW aufzuh\u00f6ren. Nachrekrutierung wurde schwieriger und so entschlossen wir uns f\u00fcr den Hardmode-Progress und zumindest Zeitweise gegen den 25er Raid. Mit viel Absprache und einem f\u00fcr einen 10er Raid gro\u00dfen Kader konnten wir allen (aktiven) Raidern zum Content clear und Meta-Erfolg verhelfen. In Feuerlanden konnten wir ebenfalls den Meta-Erfolg sowie auch den Ragnaros HM-Kill nachholen.<\/p>\n<p>Mit &#8222;Mists of Pandaria&#8220; war unser erkl\u00e4rtes Ziel erneut im 25er Modus zu raiden &#8211; und bislang klappt das sehr gut. Erneut gaben wir unseren Raidern einen guten Monat um auf Stufe 90 zu gelangen und sich zu equippen bevor wir in den Raidzirkus einstiegen. Der T14-Content konnte im Normalmodus (+ Steinwache im Hardmode \/ Besch\u00fctzer der Endlosen im Elite-Modus) bezwungen werden. Den T15-Content konnte ebenfalls inkl. Lei Shen bezwungen werden. Unser erstes Hardmode-Zuckerl hie\u00df Jin&#8217;rokh. Auch Horridon, Ji-Kun, Tortos und Megaera konnten wir noch im Hardmode bezwingen! Im T16-Content konnten wir bislang neben dem Normalmode-Clear schon 3 Hardmodes (Immerseus, Besch\u00fctzer und Norushen) bezwingen. Weitere sind in Arbeit \ud83d\ude42<\/p>\n<p>t. b. c.<\/p>\n","protected":false},"excerpt":{"rendered":"<p>Die 10er Raidgruppe (EAKV) besteht seit dem 18.04.2007. Den Kern bildete damals eine 4er Instanzgruppe, die mit Gildis, RL- und Online-Freunden (und einem Random &lt;3 Korlov) aufgef\u00fcllt wurde um regelm\u00e4\u00dfig Karazhan unsicher zu machen. In Burning Crusade konnten wir zusammen &hellip; <a href=\"https:\/\/phoenixraid.de\/wordpress\/?page_id=78\">Weiterlesen <span class=\"meta-nav\">&rarr;<\/span><\/a><\/p>\n","protected":false},"author":1,"featured_media":0,"parent":0,"menu_order":1,"comment_status":"closed","ping_status":"closed","template":"","meta":{"footnotes":""},"class_list":["post-78","page","type-page","status-publish","hentry"],"_links":{"self":[{"href":"https:\/\/phoenixraid.de\/wordpress\/index.php?rest_route=\/wp\/v2\/pages\/78","targetHints":{"allow":["GET"]}}],"collection":[{"href":"https:\/\/phoenixraid.de\/wordpress\/index.php?rest_route=\/wp\/v2\/pages"}],"about":[{"href":"https:\/\/phoenixraid.de\/wordpress\/index.php?rest_route=\/wp\/v2\/types\/page"}],"author":[{"embeddable":true,"href":"https:\/\/phoenixraid.de\/wordpress\/index.php?rest_route=\/wp\/v2\/users\/1"}],"replies":[{"embeddable":true,"href":"https:\/\/phoenixraid.de\/wordpress\/index.php?rest_route=%2Fwp%2Fv2%2Fcomments&post=78"}],"version-history":[{"count":34,"href":"https:\/\/phoenixraid.de\/wordpress\/index.php?rest_route=\/wp\/v2\/pages\/78\/revisions"}],"predecessor-version":[{"id":3691,"href":"https:\/\/phoenixraid.de\/wordpress\/index.php?rest_route=\/wp\/v2\/pages\/78\/revisions\/3691"}],"wp:attachment":[{"href":"https:\/\/phoenixraid.de\/wordpress\/index.php?rest_route=%2Fwp%2Fv2%2Fmedia&parent=78"}],"curies":[{"name":"wp","href":"https:\/\/api.w.org\/{rel}","templated":true}]}}